{"id":1953,"date":"2022-11-01T19:42:21","date_gmt":"2022-11-01T22:42:21","guid":{"rendered":"https:\/\/rdkingbr.com.br\/?page_id=1953"},"modified":"2022-11-19T09:50:57","modified_gmt":"2022-11-19T12:50:57","slug":"link-rd-king-surebet-telegram-facebook-ads","status":"publish","type":"page","link":"https:\/\/rdkingbr.com.br\/index.php\/link-rd-king-surebet-telegram-facebook-ads\/","title":{"rendered":"Link RD KING SUREBET TELEGRAM FACEBOOK ADS"},"content":{"rendered":"\t\t<div data-elementor-type=\"wp-page\" data-elementor-id=\"1953\" class=\"elementor elementor-1953\">\n\t\t\t\t\t\t<section class=\"elementor-section elementor-top-section elementor-element elementor-element-1ba6e20 elementor-section-full_width elementor-section-height-default elementor-section-height-default\" data-id=\"1ba6e20\" data-element_type=\"section\" data-e-type=\"section\">\n\t\t\t\t\t\t<div class=\"elementor-container elementor-column-gap-no\">\n\t\t\t\t\t<div class=\"elementor-column elementor-col-100 elementor-top-column elementor-element elementor-element-1b92bd1\" data-id=\"1b92bd1\" data-element_type=\"column\" data-e-type=\"column\">\n\t\t\t<div class=\"elementor-widget-wrap elementor-element-populated\">\n\t\t\t\t\t\t<div class=\"elementor-element elementor-element-b1a49d2 elementor-widget elementor-widget-html\" data-id=\"b1a49d2\" data-element_type=\"widget\" data-e-type=\"widget\" data-widget_type=\"html.default\">\n\t\t\t\t<div class=\"elementor-widget-container\">\n\t\t\t\t\t\r\n<!DOCTYPE html>\r\n<html>\r\n  <head>\r\n    <meta charset=\"utf-8\">\r\n    <title>Telegram: Join Group Chat<\/title>\r\n    <meta name=\"viewport\" content=\"width=device-width, initial-scale=1.0\">\r\n    <script>try{if(window.parent!=null&&window!=window.parent){window.parent.postMessage(JSON.stringify({eventType:'web_app_open_tg_link',eventData:{path_full:\"\\\/+_HmzUz7-MABkNjUx\"}}),'https:\/\/web.telegram.org');}}catch(e){}<\/script>\r\n    \r\n<meta property=\"og:title\" content=\"SUREBET FREE\ud83c\udde7\ud83c\uddf7\">\r\n<meta property=\"og:image\" content=\"https:\/\/cdn1.telegram-cdn.org\/file\/XX9PBZJ_B-8wGyRkr9Qey-BrV5ftM4Xd9q8pRwWSdPSJnthlNCUin71NAZwLSAIa5NUY6FNYVjgTBexIJef586ZHm-a_HzgFtwZwx6yF_RvP8Oj1Mcnf4FaQUKEgnTip5BwquDcxu63wGrZVrF5tMYSvUPJH8qfxz-LYxbIF9of1sTf7UjUJRNx7qF82JbELdvak7BT7SX8s1FWg49F0Nkm1glR35BFPyarLC0VrFG0IVFMrraWIcA6rfE5LnQk3rqu6fDyM54RpZf6cGbHgOSn_NwXS2YIwYSE3BVx26yQXsdVgbuijATZZDaklKRut7x_5KLJ9p8lWNznMgzCd2g.jpg\">\r\n<meta property=\"og:site_name\" content=\"Telegram\">\r\n<meta property=\"og:description\" content=\"PLANO SUREBET\thttp:\/\/rdkingbr.com.br\/index.php\/pagina-de-vendas-surebet-kwify\/\">\r\n\r\n<meta property=\"twitter:title\" content=\"SUREBET FREE\ud83c\udde7\ud83c\uddf7\">\r\n<meta property=\"twitter:image\" content=\"https:\/\/cdn1.telegram-cdn.org\/file\/XX9PBZJ_B-8wGyRkr9Qey-BrV5ftM4Xd9q8pRwWSdPSJnthlNCUin71NAZwLSAIa5NUY6FNYVjgTBexIJef586ZHm-a_HzgFtwZwx6yF_RvP8Oj1Mcnf4FaQUKEgnTip5BwquDcxu63wGrZVrF5tMYSvUPJH8qfxz-LYxbIF9of1sTf7UjUJRNx7qF82JbELdvak7BT7SX8s1FWg49F0Nkm1glR35BFPyarLC0VrFG0IVFMrraWIcA6rfE5LnQk3rqu6fDyM54RpZf6cGbHgOSn_NwXS2YIwYSE3BVx26yQXsdVgbuijATZZDaklKRut7x_5KLJ9p8lWNznMgzCd2g.jpg\">\r\n<meta property=\"twitter:site\" content=\"@Telegram\">\r\n\r\n<meta property=\"al:ios:app_store_id\" content=\"686449807\">\r\n<meta property=\"al:ios:app_name\" content=\"Telegram Messenger\">\r\n<meta property=\"al:ios:url\" content=\"tg:\/\/join?invite=_HmzUz7-MABkNjUx\">\r\n\r\n<meta property=\"al:android:url\" content=\"tg:\/\/join?invite=_HmzUz7-MABkNjUx\">\r\n<meta property=\"al:android:app_name\" content=\"Telegram\">\r\n<meta property=\"al:android:package\" content=\"org.telegram.messenger\">\r\n\r\n<meta name=\"twitter:card\" content=\"summary\">\r\n<meta name=\"twitter:site\" content=\"@Telegram\">\r\n<meta name=\"twitter:description\" content=\"PLANO SUREBET\thttp:\/\/rdkingbr.com.br\/index.php\/pagina-de-vendas-surebet-kwify\/\r\n\">\r\n<meta name=\"twitter:app:name:iphone\" content=\"Telegram Messenger\">\r\n<meta name=\"twitter:app:id:iphone\" content=\"686449807\">\r\n<meta name=\"twitter:app:url:iphone\" content=\"tg:\/\/join?invite=_HmzUz7-MABkNjUx\">\r\n<meta name=\"twitter:app:name:ipad\" content=\"Telegram Messenger\">\r\n<meta name=\"twitter:app:id:ipad\" content=\"686449807\">\r\n<meta name=\"twitter:app:url:ipad\" content=\"tg:\/\/join?invite=_HmzUz7-MABkNjUx\">\r\n<meta name=\"twitter:app:name:googleplay\" content=\"Telegram\">\r\n<meta name=\"twitter:app:id:googleplay\" content=\"org.telegram.messenger\">\r\n<meta name=\"twitter:app:url:googleplay\" content=\"https:\/\/t.me\/+_HmzUz7-MABkNjUx\">\r\n\r\n<meta name=\"apple-itunes-app\" content=\"app-id=686449807, app-argument: tg:\/\/join?invite=_HmzUz7-MABkNjUx\">\r\n    <script>window.matchMedia&&window.matchMedia('(prefers-color-scheme: dark)').matches&&document.documentElement&&document.documentElement.classList&&document.documentElement.classList.add('theme_dark');<\/script>\r\n    <link rel=\"icon\" type=\"image\/svg+xml\" href=\"\/\/telegram.org\/img\/website_icon.svg?4\">\r\n<link rel=\"apple-touch-icon\" sizes=\"180x180\" href=\"\/\/telegram.org\/img\/apple-touch-icon.png\">\r\n<link rel=\"icon\" type=\"image\/png\" sizes=\"32x32\" href=\"\/\/telegram.org\/img\/favicon-32x32.png\">\r\n<link rel=\"icon\" type=\"image\/png\" sizes=\"16x16\" href=\"\/\/telegram.org\/img\/favicon-16x16.png\">\r\n<link rel=\"alternate icon\" href=\"\/\/telegram.org\/img\/favicon.ico\" type=\"image\/x-icon\" \/>\r\n    <link href=\"\/\/telegram.org\/css\/font-roboto.css?1\" rel=\"stylesheet\" type=\"text\/css\">\r\n    <!--link href=\"\/css\/myriad.css\" rel=\"stylesheet\"-->\r\n    <link href=\"\/\/telegram.org\/css\/bootstrap.min.css?3\" rel=\"stylesheet\">\r\n    <link href=\"\/\/telegram.org\/css\/telegram.css?232\" rel=\"stylesheet\" media=\"screen\">\r\n  <\/head>\r\n  <body class=\"no_transition\">\r\n      <div class=\"tgme_background_wrap\">\r\n    <canvas id=\"tgme_background\" class=\"tgme_background default\" width=\"50\" height=\"50\" data-colors=\"dbddbb,6ba587,d5d88d,88b884\"><\/canvas>\r\n    <div class=\"tgme_background_pattern default\"><\/div>\r\n  <\/div>\r\n    <div class=\"tgme_page_wrap\">\r\n      <div class=\"tgme_head_wrap\">\r\n        <div class=\"tgme_head\">\r\n          <a href=\"\/\/telegram.org\/\" class=\"tgme_head_brand\">\r\n            <svg class=\"tgme_logo\" height=\"34\" viewBox=\"0 0 133 34\" width=\"133\" xmlns=\"http:\/\/www.w3.org\/2000\/svg\">\r\n              <g fill=\"none\" fill-rule=\"evenodd\">\r\n                <circle cx=\"17\" cy=\"17\" fill=\"var(--accent-btn-color)\" r=\"17\"\/><path d=\"m7.06510669 16.9258959c5.22739451-2.1065178 8.71314291-3.4952633 10.45724521-4.1662364 4.9797665-1.9157646 6.0145193-2.2485535 6.6889567-2.2595423.1483363-.0024169.480005.0315855.6948461.192827.1814076.1361492.23132.3200675.2552048.4491519.0238847.1290844.0536269.4231419.0299841.65291-.2698553 2.6225356-1.4375148 8.986738-2.0315537 11.9240228-.2513602 1.2428753-.7499132 1.5088847-1.2290685 1.5496672-1.0413153.0886298-1.8284257-.4857912-2.8369905-1.0972863-1.5782048-.9568691-2.5327083-1.3984317-4.0646293-2.3321592-1.7703998-1.0790837-.212559-1.583655.7963867-2.5529189.2640459-.2536609 4.7753906-4.3097041 4.755976-4.431706-.0070494-.0442984-.1409018-.481649-.2457499-.5678447-.104848-.0861957-.2595946-.0567202-.3712641-.033278-.1582881.0332286-2.6794907 1.5745492-7.5636077 4.6239616-.715635.4545193-1.3638349.6759763-1.9445998.6643712-.64024672-.0127938-1.87182452-.334829-2.78737602-.6100966-1.12296117-.3376271-1.53748501-.4966332-1.45976769-1.0700283.04048-.2986597.32581586-.610598.8560076-.935815z\" fill=\"#fff\"\/><path d=\"m49.4 24v-12.562h-4.224v-2.266h11.198v2.266h-4.268v12.562zm16.094-4.598h-7.172c.066 1.936 1.562 2.772 3.3 2.772 1.254 0 2.134-.198 2.97-.484l.396 1.848c-.924.396-2.2.682-3.74.682-3.476 0-5.522-2.134-5.522-5.412 0-2.97 1.804-5.764 5.236-5.764 3.476 0 4.62 2.86 4.62 5.214 0 .506-.044.902-.088 1.144zm-7.172-1.892h4.708c.022-.99-.418-2.618-2.222-2.618-1.672 0-2.376 1.518-2.486 2.618zm9.538 6.49v-15.62h2.706v15.62zm14.84-4.598h-7.172c.066 1.936 1.562 2.772 3.3 2.772 1.254 0 2.134-.198 2.97-.484l.396 1.848c-.924.396-2.2.682-3.74.682-3.476 0-5.522-2.134-5.522-5.412 0-2.97 1.804-5.764 5.236-5.764 3.476 0 4.62 2.86 4.62 5.214 0 .506-.044.902-.088 1.144zm-7.172-1.892h4.708c.022-.99-.418-2.618-2.222-2.618-1.672 0-2.376 1.518-2.486 2.618zm19.24-1.144v6.072c0 2.244-.462 3.85-1.584 4.862-1.1.99-2.662 1.298-4.136 1.298-1.364 0-2.816-.308-3.74-.858l.594-2.046c.682.396 1.826.814 3.124.814 1.76 0 3.08-.924 3.08-3.234v-.924h-.044c-.616.946-1.694 1.584-3.124 1.584-2.662 0-4.554-2.2-4.554-5.236 0-3.52 2.288-5.654 4.862-5.654 1.65 0 2.596.792 3.102 1.672h.044l.11-1.43h2.354c-.044.726-.088 1.606-.088 3.08zm-2.706 2.948v-1.738c0-.264-.022-.506-.088-.726-.286-.99-1.056-1.738-2.2-1.738-1.518 0-2.64 1.32-2.64 3.498 0 1.826.924 3.3 2.618 3.3 1.012 0 1.892-.66 2.2-1.65.088-.264.11-.638.11-.946zm5.622 4.686v-7.26c0-1.452-.022-2.508-.088-3.454h2.332l.11 2.024h.066c.528-1.496 1.782-2.266 2.948-2.266.264 0 .418.022.638.066v2.53c-.242-.044-.484-.066-.814-.066-1.276 0-2.178.814-2.42 2.046-.044.242-.066.528-.066.814v5.566zm16.05-6.424v3.85c0 .968.044 1.914.176 2.574h-2.442l-.198-1.188h-.066c-.638.836-1.76 1.43-3.168 1.43-2.156 0-3.366-1.562-3.366-3.19 0-2.684 2.398-4.07 6.358-4.048v-.176c0-.704-.286-1.87-2.178-1.87-1.056 0-2.156.33-2.882.792l-.528-1.76c.792-.484 2.178-.946 3.872-.946 3.432 0 4.422 2.178 4.422 4.532zm-2.64 2.662v-1.474c-1.914-.022-3.74.374-3.74 2.002 0 1.056.682 1.54 1.54 1.54 1.1 0 1.87-.704 2.134-1.474.066-.198.066-.396.066-.594zm5.6 3.762v-7.524c0-1.232-.044-2.266-.088-3.19h2.31l.132 1.584h.066c.506-.836 1.474-1.826 3.3-1.826 1.408 0 2.508.792 2.97 1.98h.044c.374-.594.814-1.034 1.298-1.342.616-.418 1.298-.638 2.2-.638 1.76 0 3.564 1.21 3.564 4.642v6.314h-2.64v-5.918c0-1.782-.616-2.838-1.914-2.838-.924 0-1.606.66-1.892 1.43-.088.242-.132.594-.132.902v6.424h-2.64v-6.204c0-1.496-.594-2.552-1.848-2.552-1.012 0-1.694.792-1.958 1.518-.088.286-.132.594-.132.902v6.336z\" fill=\"var(--tme-logo-color)\" fill-rule=\"nonzero\"\/>\r\n              <\/g>\r\n            <\/svg>\r\n          <\/a>\r\n          <a class=\"tgme_head_right_btn\" href=\"\/\/telegram.org\/dl?tme=3a98338f8ce262c365_16443046852307435856\">\r\n            Download\r\n          <\/a>\r\n        <\/div>\r\n      <\/div>\r\n      <div class=\"tgme_body_wrap\">\r\n        <div class=\"tgme_page\">\r\n          <div class=\"tgme_page_photo\">\r\n<a href=\"tg:\/\/join?invite=_HmzUz7-MABkNjUx\"><img decoding=\"async\" class=\"tgme_page_photo_image\" src=\"https:\/\/cdn1.telegram-cdn.org\/file\/XX9PBZJ_B-8wGyRkr9Qey-BrV5ftM4Xd9q8pRwWSdPSJnthlNCUin71NAZwLSAIa5NUY6FNYVjgTBexIJef586ZHm-a_HzgFtwZwx6yF_RvP8Oj1Mcnf4FaQUKEgnTip5BwquDcxu63wGrZVrF5tMYSvUPJH8qfxz-LYxbIF9of1sTf7UjUJRNx7qF82JbELdvak7BT7SX8s1FWg49F0Nkm1glR35BFPyarLC0VrFG0IVFMrraWIcA6rfE5LnQk3rqu6fDyM54RpZf6cGbHgOSn_NwXS2YIwYSE3BVx26yQXsdVgbuijATZZDaklKRut7x_5KLJ9p8lWNznMgzCd2g.jpg\"><\/a>\r\n<\/div>\r\n<div class=\"tgme_page_title\" dir=\"auto\">\r\n<span dir=\"auto\">SUREBET FREE\ud83c\udde7\ud83c\uddf7<\/span>\r\n<\/div>\r\n<div class=\"tgme_page_extra\">3 928 subscribers<\/div>\r\n<div class=\"tgme_page_description\" dir=\"auto\">PLANO SUREBET<br\/>http:\/\/rdkingbr.com.br\/index.php\/pagina-de-vendas-surebet-kwify\/<\/div>\r\n<div class=\"tgme_page_action\">\r\n<a class=\"tgme_action_button_new shine\" href=\"tg:\/\/join?invite=_HmzUz7-MABkNjUx\">Join Channel<\/a>\r\n<\/div>\r\n<!-- WEBOGRAM_BTN -->\r\n<div class=\"tgme_page_additional\">\r\nYou are invited to the channel <strong dir=\"auto\">SUREBET FREE\ud83c\udde7\ud83c\uddf7<\/strong>. Click above to join.\r\n<\/div>\r\n        <\/div>\r\n        \r\n      <\/div>\r\n    <\/div>\r\n\r\n    <div id=\"tgme_frame_cont\"><\/div>\r\n\r\n    <script src=\"\/\/telegram.org\/js\/tgwallpaper.min.js?3\"><\/script>\r\n\r\n    <script type=\"text\/javascript\">\r\n\r\nvar protoUrl = \"tg:\\\/\\\/join?invite=_HmzUz7-MABkNjUx\";\r\nif (false) {\r\n  var iframeContEl = document.getElementById('tgme_frame_cont') || document.body;\r\n  var iframeEl = document.createElement('iframe');\r\n  iframeContEl.appendChild(iframeEl);\r\n  var pageHidden = false;\r\n  window.addEventListener('pagehide', function () {\r\n    pageHidden = true;\r\n  }, false);\r\n  window.addEventListener('blur', function () {\r\n    pageHidden = true;\r\n  }, false);\r\n  if (iframeEl !== null) {\r\n    iframeEl.src = protoUrl;\r\n  }\r\n  !false && setTimeout(function() {\r\n    if (!pageHidden) {\r\n      window.location = protoUrl;\r\n    }\r\n  }, 2000);\r\n}\r\nelse if (protoUrl) {\r\n  setTimeout(function() {\r\n    window.location = protoUrl;\r\n  }, 100);\r\n}\r\n\r\nvar tme_bg = document.getElementById('tgme_background');\r\nif (tme_bg) {\r\n  TWallpaper.init(tme_bg);\r\n  TWallpaper.animate(true);\r\n  window.onfocus = function(){ TWallpaper.update(); };\r\n}\r\ndocument.body.classList.remove('no_transition');\r\n\r\nfunction toggleTheme(dark) {\r\n  document.documentElement.classList.toggle('theme_dark', dark);\r\n  window.Telegram && Telegram.setWidgetOptions({dark: dark});\r\n}\r\nif (window.matchMedia) {\r\n  var darkMedia = window.matchMedia('(prefers-color-scheme: dark)');\r\n  toggleTheme(darkMedia.matches);\r\n  darkMedia.addListener(function(e) {\r\n    toggleTheme(e.matches);\r\n  });\r\n}\r\n\r\n    \r\n    <\/script>\r\n  <\/body>\r\n<\/html>\r\n<!-- page generated in 85.8ms -->\r\n\t\t\t\t<\/div>\n\t\t\t\t<\/div>\n\t\t\t\t\t<\/div>\n\t\t<\/div>\n\t\t\t\t\t<\/div>\n\t\t<\/section>\n\t\t\t\t<section class=\"elementor-section elementor-top-section elementor-element elementor-element-d4f69a0 elementor-section-full_width elementor-section-height-min-height elementor-section-height-default elementor-section-items-middle\" data-id=\"d4f69a0\" data-element_type=\"section\" data-e-type=\"section\" data-settings=\"{&quot;background_background&quot;:&quot;classic&quot;}\">\n\t\t\t\t\t\t<div class=\"elementor-container elementor-column-gap-default\">\n\t\t\t\t\t<div class=\"elementor-column elementor-col-100 elementor-top-column elementor-element elementor-element-b1e86ef\" data-id=\"b1e86ef\" data-element_type=\"column\" data-e-type=\"column\">\n\t\t\t<div class=\"elementor-widget-wrap elementor-element-populated\">\n\t\t\t\t\t\t<section class=\"elementor-section elementor-inner-section elementor-element elementor-element-ffac9f3 elementor-section-boxed elementor-section-height-default elementor-section-height-default\" data-id=\"ffac9f3\" data-element_type=\"section\" data-e-type=\"section\">\n\t\t\t\t\t\t<div class=\"elementor-container elementor-column-gap-default\">\n\t\t\t\t\t<div class=\"elementor-column elementor-col-50 elementor-inner-column elementor-element elementor-element-d678c53\" data-id=\"d678c53\" data-element_type=\"column\" data-e-type=\"column\">\n\t\t\t<div class=\"elementor-widget-wrap elementor-element-populated\">\n\t\t\t\t\t\t<div class=\"elementor-element elementor-element-03acea5 elementor-widget elementor-widget-image\" data-id=\"03acea5\" data-element_type=\"widget\" data-e-type=\"widget\" data-widget_type=\"image.default\">\n\t\t\t\t<div class=\"elementor-widget-container\">\n\t\t\t\t\t\t\t\t\t\t\t\t\t\t\t<img decoding=\"async\" src=\"https:\/\/rdkingbr.com.br\/wp-content\/uploads\/2022\/11\/image-3.png\" title=\"image-3.png\" alt=\"image-3.png\" loading=\"lazy\" \/>\t\t\t\t\t\t\t\t\t\t\t\t\t\t\t<\/div>\n\t\t\t\t<\/div>\n\t\t\t\t<div class=\"elementor-element elementor-element-cc6e0c3 elementor-widget elementor-widget-heading\" data-id=\"cc6e0c3\" data-element_type=\"widget\" data-e-type=\"widget\" data-widget_type=\"heading.default\">\n\t\t\t\t<div class=\"elementor-widget-container\">\n\t\t\t\t\t<div class=\"elementor-heading-title elementor-size-default\"><a href=\"http:\/\/rdkingbr.com.br\/index.php\/politica-de-privacidade\/\">Pol\u00edtica de privacidade<\/a> | <a href=\"http:\/\/rdkingbr.com.br\/index.php\/termos-de-uso\/\">Termos de uso<\/a><\/div>\t\t\t\t<\/div>\n\t\t\t\t<\/div>\n\t\t\t\t\t<\/div>\n\t\t<\/div>\n\t\t\t\t<div class=\"elementor-column elementor-col-50 elementor-inner-column elementor-element elementor-element-f47a807\" data-id=\"f47a807\" data-element_type=\"column\" data-e-type=\"column\">\n\t\t\t<div class=\"elementor-widget-wrap elementor-element-populated\">\n\t\t\t\t\t\t<div class=\"elementor-element elementor-element-5346d4d elementor-widget elementor-widget-text-editor\" data-id=\"5346d4d\" data-element_type=\"widget\" data-e-type=\"widget\" data-widget_type=\"text-editor.default\">\n\t\t\t\t<div class=\"elementor-widget-container\">\n\t\t\t\t\t\t\t\t\t<p>Este site n\u00e3o \u00e9 afiliado ao Facebook ou a qualquer entidade do Facebook. Depois que voc\u00ea sair do Facebook, a responsabilidade n\u00e3o \u00e9 deles e sim do nosso site. Fazemos todos os esfor\u00e7os para mostrar todas as provas do produto e usamos resultados reais. N\u00f3s n\u00e3o vendemos o seu e-mail ou qualquer informa\u00e7\u00e3o para terceiros. Jamais fazemos nenhum tipo de spam. Se voc\u00ea tiver alguma d\u00favida, sinta-se \u00e0 vontade para entrar em contato e falar conosco.<\/p>\t\t\t\t\t\t\t\t<\/div>\n\t\t\t\t<\/div>\n\t\t\t\t\t<\/div>\n\t\t<\/div>\n\t\t\t\t\t<\/div>\n\t\t<\/section>\n\t\t\t\t<section class=\"elementor-section elementor-inner-section elementor-element elementor-element-acac521 elementor-section-height-min-height elementor-section-boxed elementor-section-height-default\" data-id=\"acac521\" data-element_type=\"section\" data-e-type=\"section\">\n\t\t\t\t\t\t<div class=\"elementor-container elementor-column-gap-default\">\n\t\t\t\t\t<div class=\"elementor-column elementor-col-50 elementor-inner-column elementor-element elementor-element-67ee653\" data-id=\"67ee653\" data-element_type=\"column\" data-e-type=\"column\">\n\t\t\t<div class=\"elementor-widget-wrap elementor-element-populated\">\n\t\t\t\t\t\t<div class=\"elementor-element elementor-element-a129b0d elementor-widget elementor-widget-heading\" data-id=\"a129b0d\" data-element_type=\"widget\" data-e-type=\"widget\" data-widget_type=\"heading.default\">\n\t\t\t\t<div class=\"elementor-widget-container\">\n\t\t\t\t\t<div class=\"elementor-heading-title elementor-size-default\">RD King BR \u00a9 Todos os direitos reservados.<\/div>\t\t\t\t<\/div>\n\t\t\t\t<\/div>\n\t\t\t\t\t<\/div>\n\t\t<\/div>\n\t\t\t\t<div class=\"elementor-column elementor-col-50 elementor-inner-column elementor-element elementor-element-47aed50\" data-id=\"47aed50\" data-element_type=\"column\" data-e-type=\"column\">\n\t\t\t<div class=\"elementor-widget-wrap elementor-element-populated\">\n\t\t\t\t\t\t<div class=\"elementor-element elementor-element-8b7eacd elementor-widget elementor-widget-heading\" data-id=\"8b7eacd\" data-element_type=\"widget\" data-e-type=\"widget\" data-widget_type=\"heading.default\">\n\t\t\t\t<div class=\"elementor-widget-container\">\n\t\t\t\t\t<div class=\"elementor-heading-title elementor-size-default\">Desenvolvido por <a href=\"https:\/\/solucaozinha.com.br\">Solu\u00e7\u00e3ozinha<\/a>.<\/div>\t\t\t\t<\/div>\n\t\t\t\t<\/div>\n\t\t\t\t\t<\/div>\n\t\t<\/div>\n\t\t\t\t\t<\/div>\n\t\t<\/section>\n\t\t\t\t\t<\/div>\n\t\t<\/div>\n\t\t\t\t\t<\/div>\n\t\t<\/section>\n\t\t\t\t<\/div>\n\t\t","protected":false},"excerpt":{"rendered":"<p>Telegram: Join Group Chat Download SUREBET FREE\ud83c\udde7\ud83c\uddf7 3 928 subscribers PLANO SUREBEThttp:\/\/rdkingbr.com.br\/index.php\/pagina-de-vendas-surebet-kwify\/ Join Channel You are invited to the channel SUREBET FREE\ud83c\udde7\ud83c\uddf7. Click above to join. Pol\u00edtica de privacidade | Termos de uso Este site n\u00e3o \u00e9 afiliado ao Facebook ou a qualquer entidade do Facebook. Depois que voc\u00ea sair do Facebook, a responsabilidade n\u00e3o [&hellip;]<\/p>\n","protected":false},"author":1,"featured_media":0,"parent":0,"menu_order":0,"comment_status":"closed","ping_status":"closed","template":"elementor_canvas","meta":{"footnotes":""},"class_list":["post-1953","page","type-page","status-publish","hentry"],"_links":{"self":[{"href":"https:\/\/rdkingbr.com.br\/index.php\/wp-json\/wp\/v2\/pages\/1953","targetHints":{"allow":["GET"]}}],"collection":[{"href":"https:\/\/rdkingbr.com.br\/index.php\/wp-json\/wp\/v2\/pages"}],"about":[{"href":"https:\/\/rdkingbr.com.br\/index.php\/wp-json\/wp\/v2\/types\/page"}],"author":[{"embeddable":true,"href":"https:\/\/rdkingbr.com.br\/index.php\/wp-json\/wp\/v2\/users\/1"}],"replies":[{"embeddable":true,"href":"https:\/\/rdkingbr.com.br\/index.php\/wp-json\/wp\/v2\/comments?post=1953"}],"version-history":[{"count":11,"href":"https:\/\/rdkingbr.com.br\/index.php\/wp-json\/wp\/v2\/pages\/1953\/revisions"}],"predecessor-version":[{"id":2237,"href":"https:\/\/rdkingbr.com.br\/index.php\/wp-json\/wp\/v2\/pages\/1953\/revisions\/2237"}],"wp:attachment":[{"href":"https:\/\/rdkingbr.com.br\/index.php\/wp-json\/wp\/v2\/media?parent=1953"}],"curies":[{"name":"wp","href":"https:\/\/api.w.org\/{rel}","templated":true}]}}